and k.
5
Let c = 84 + -44. Suppose 98 = 2*g + 4*o - 34, 5*g - 338 = -2*o. Suppose 3*p + 20 = g. What is the greatest common factor of p and c?
8
Let w be 165/6*16/10. Let v be (-2 - -358*1) + -4. Calculate the highest common factor of w and v.
44
Suppose 8*p + 15 = -17. Let i be (-168)/(-40) - p/5. Calculate the greatest common factor of i and 35.
5
Let i(m) = -8*m + 33. Let v be i(10). Let k = 59 + v. Let t(a) = -a + 132. Let h be t(0). Calculate the highest common divisor of h and k.
12
Let y be (-24010)/(-75) + (32/(-60))/4. What is the highest common divisor of 208 and y?
16
Let b = 232 + -230. Calculate the highest common factor of 1 and b.
1
Let z(f) = f**3 + 7*f**2 - 4*f + 17. Let n be z(-5). Calculate the greatest common divisor of 6 and n.
3
Let v = 105 + -96. What is the greatest common divisor of 36 and v?
9
Let h(b) = -2*b**3 - 3*b**2 - 1. Let c be h(-2). Let o be 2 - (c/3 - 119). Calculate the highest common factor of 15 and o.
15
Suppose -w + 27 + 14 = -5*p, 3*p - 17 = -2*w. Calculate the greatest common factor of 512 and w.
16
Let a be (4/16)/(1/8). Suppose -3*v + 21 = a*z - 28, 0 = -4*v - 5*z + 77. What is the highest common divisor of v and 13?
13
Suppose -533 = -20*i + 2167. What is the highest common divisor of i and 165?
15
Suppose -316 + 99 = -i. Suppose -31*p - i = -32*p. What is the highest common factor of p and 31?
31
Suppose -24*f + 16 = -22*f. Calculate the greatest common divisor of 488 and f.
8
Let a = 293 - 208. Let x(z) = 34*z**2 - 24*z + 24. Let b be x(1). Calculate the greatest common factor of b and a.
17
Let v(j) = 3*j - 6. Let c be v(6). Let p(m) = 2*m**3 + 15*m**2 + m. Let g be p(-4). What is the highest common divisor of c and g?
12
Suppose -2*t = -5*h - 35, 0 = -0*t + t + 3*h + 10. Suppose -4 + 5 = -j + t*m, -2*m + 6 = 0. What is the greatest common divisor of 42 and j?
14
Let d(i) be the second derivative of 35*i**3/6 + i**2 + 10*i. Suppose -5*t + 2*t + 6 = 0. Let f be d(t). Calculate the highest common factor of f and 9.
9
Suppose -3*m + 355 = g, 2*m - 225 = -3*g - 0*g. Suppose 0 = -5*s + 92 - 17. What is the highest common divisor of m and s?
15
Suppose -1 - 11 = -4*x. Suppose 3*r + x = -3. Let k be 3 + (-1)/(r/232). Calculate the greatest common factor of 17 and k.
17
Suppose -3*g + 9 = -3. Suppose -g*t = -8*t + 40. Calculate the highest common factor of t and 70.
10
Suppose -38 = -3*t + h, 3*h = t - 2*h - 8. Let c = t + -13. Suppose c = -5*q + q + 108. Calculate the greatest common divisor of 3 and q.
3
Suppose -40 = -0*s - 5*s. Suppose 4*a = -s + 840. Suppose -4*h - h + 5*c = -280, 4*c - a = -4*h. Calculate the greatest common factor of 6 and h.
6
Let y = -810 + 818. What is the highest common factor of y and 16?
8
Suppose -487 = -5*t - 4*c, -3 = -2*c + c. Suppose 5*z - 80 = s, 3*z = -2*z - 2*s + t. What is the highest common divisor of 68 and z?
17
Suppose 4*m - 18 = m. Suppose -2*s + 3*s - 2 = 0. Let v be 56/2 + -3 - (s + -1). Calculate the greatest common divisor of v and m.
6
Suppose 5*k + 63 = r, 4*k + 3*r + 36 = -3. Let d(a) = -a**3 + 10*a + 0*a + 0*a**3 + 11 - 11*a**2. Let t be d(k). What is the highest common divisor of 5 and t?
5
Let z = 550 + 510. Suppose 0 = 4*x - z - 384. Suppose 0 = 3*y - 2*b - x, 249 + 352 = 5*y - 4*b. What is the greatest common divisor of y and 11?
11
Suppose 5*i - 1087 = 103. Calculate the highest common factor of i and 14.
14
Let c be (1 - 2 - -77) + 2. Let j = -46 + c. Let d = -8 - -16. Calculate the highest common divisor of j and d.
8
Let j be -9*((-12)/(-9) - 2). Let u(p) = -6*p - 1. Let n be u(-1). Suppose 27 = 2*c - n*h, 9 = 3*c - c + h. What is the highest common factor of j and c?
6
Let j(m) = 5*m - 30. Let q be j(15). Let i be 10/15*q - 0. Suppose -i*h = -35*h + 180. Calculate the highest common divisor of 54 and h.
18
Let p(g) = g**2 + 23*g + 21. Let b be p(-23). Let y = -20 + b. What is the highest common factor of 4 and y?
1
Let w be (0 - -2) + 0 - 0. Suppose -w*x = -x - 314. Suppose -5*y + 111 = -x. Calculate the greatest common factor of y and 34.
17
Let d be (160/(-3))/((-8)/48). Suppose -3*q = q - d. Calculate the highest common factor of q and 32.
16
Suppose -38 = 3*i - 8. Let d be i/(-6) + 6/(-9). Let s be d/(-4*(-3)/228). What is the highest common factor of 19 and s?
19
Suppose 0 = -4*c + 97 - 29. Let i = c + -20. Let t(b) = -b**3 + 4*b + 2. Let o be t(i). Calculate the greatest common factor of 68 and o.
17
Let o(g) = -28*g - 109. Let v be o(-5). Calculate the highest common factor of 899 and v.
31
Let m = -717 + 792. What is the greatest common factor of m and 125?
25
Suppose 5*c = -2 - 3. Let t(z) be the second derivative of -3*z**3 - z**2 + 7*z. Let a be t(c). What is the highest common factor of a and 48?
16
Suppose 4*f - 5*f = -10. Let r(w) = 25*w + 125. Let y be r(-4). Calculate the highest common factor of y and f.
5
Suppose 492 = 5*y + 2*d, -5*d + 6*d = -5*y + 496. What is the greatest common factor of y and 350?
50
Suppose 12*j - n - 26 = 7*j, 10 = -j + 4*n. Let y be (j/(-18))/((-1)/99). What is the greatest common divisor of y and 44?
11
Let t = 26 - -86. Suppose -43 + 11 = -2*d. What is the greatest common factor of d and t?
16
Suppose 0 = -5*d + 185 - 125. Let a be (-2)/5 + 542/5. What is the highest common factor of a and d?
12
Let k(r) = -7*r**3 - 2*r**2 - 5*r - 2. Let a be k(-1). Calculate the highest common divisor of a and 24.
8
Suppose 3*f - 25 = -4*l, f - 11 = 4*f - 5*l. Suppose -2 = -f*w + 22. Calculate the greatest common factor of w and 8.
8
Let r = 542 - 510. What is the highest common divisor of 2 and r?
2
Suppose 21*b = 5*b + 256. What is the highest common divisor of b and 216?
8
Let v = -35 - -86. Let s be (2/4)/((-52)/(-10608)). Calculate the greatest common factor of v and s.
51
Let g(c) = c**2 + 8*c + 128. Let z be g(-20). What is the greatest common factor of z and 16?
16
Suppose -o + 10 = 2*i - 13, -o = 1. Suppose 0 = -36*z + 31*z + 150. Calculate the highest common divisor of i and z.
6
Suppose -215 = -3*q - u, q = 3*q - u - 135. Suppose -16*r = -21*r. Let h be 320/10 + (r - 4). Calculate the highest common factor of q and h.
14
Suppose -7*l + 537 - 61 = 0. Calculate the greatest common factor of l and 476.
68
Let a(t) = t**3 - 2*t - 1. Let d be a(-1). Suppose d = -8*k - 0*k - 520. Let c = -17 - k. What is the highest common divisor of c and 6?
6
Let k = -209 + 245. Calculate the greatest common divisor of 204 and k.
12
Let c be 4*-12*(-4)/6. Calculate the greatest common factor of c and 8.
8
Suppose -3*b - 11 = 5*n, 0*b - 5*b + 5*n = -35. Calculate the greatest common divisor of 48 and b.
3
Let k(w) = -9*w**2 - 47*w. Let v be k(-5). Let t = 71 + -21. What is the greatest common factor of v and t?
10
Let o be 36/2 + -19 + 25. Calculate the greatest common factor of 102 and o.
6
Let o(c) be the first derivative of -c**3/3 - 5*c**2/2 + 4*c - 5. Let g be o(-5). Suppose 3*k = g*k - 120. What is the greatest common factor of 15 and k?
15
Let q = 496 + -163. Calculate the highest common divisor of 37 and q.
37
Let s(v) = -8*v - 97. Let k be s(-23). Let y = k + -67. What is the highest common factor of 60 and y?
20
Let k be 34/18 - (-5)/45. Suppose 4*b + 2*a - 6 = 0, -k*b + 4*a + 6 = -12. Calculate the greatest common divisor of 33 and b.
3
Let c be 1034*1/2 - 2. Suppose -u + 4*x - 212 = -3*u, -c = -5*u - 5*x. Suppose -u + 360 = 2*p. Calculate the greatest common divisor of 13 and p.
13
Let y be 120/(-6)*((-105)/(-12))/(-5). Calculate the highest common factor of y and 175.
35
Let x(m) = -2*m**3 + 14*m**2 + 11*m - 34. Let g be x(7). What is the highest common factor of 172 and g?
43
Let i(c) = 53*c + 119. Let d be i(-2). What is the greatest common divisor of 169 and d?
13
Let t(p) = -13*p + 14. Let d(i) = 51*i - 57. Let j(u) = 4*d(u) + 15*t(u). Let s be j(13). What is the greatest common divisor of s and 9?
9
Let o(f) = 5*f - 1. Let y be o(-1). Let g be (y - -5)*(-7 - 2). Calculate the greatest common factor of 36 and g.
9
Suppose 2*a = -6, -3*t + 5*a + 11 + 10 = 0. Suppose -5*j + 160 = 3*w, -2*j - 30 - 82 = -t*w. What is the highest common divisor of w and 10?
5
Let d = 307 - 294. What is the greatest common divisor of d and 26?
13
Let q be (2 + 62/(-4))/((-6)/36). Let a = -73 + q. What is the highest common div